) be the third derivative of c(v). Determine u(-2).
12
Let c(w) = -3*w + 1 + 6*w - 5*w. Let g be (25/10)/(5/10). Suppose 3*y = 2*v + 13, -5*y + 34 - 4 = g*v. Determine c(v).
-1
Let f(i) = 2*i**2 + 6*i - 11. Let s be 5 + 5 + -11 + 4. Let v = -10 + s. Let p(n) = 5*n**2 + 12*n - 23. Let l(j) = v*f(j) + 3*p(j). Determine l(6).
8
Let f be (140/21 + -8)/((-2)/3). Let k(j) be the third derivative of 0*j + 1/60*j**5 - 1/3*j**3 + 0 + 11*j**f + 1/12*j**4. Give k(-4).
6
Suppose -3*x = 5*p, 5*p = -2*x + 6*p. Let q(h) = 2*h + 24 + h**3 - 9 - 4 - 14. Calculate q(x).
-3
Suppose -2*p + 173 = -51*l + 46*l, -5*l - 3*p = 203. Let z(x) = -x**3 - 38*x**2 - 36*x + 44. What is z(l)?
7
Let g(x) = 2*x**2 + 5*x + 4. Let y be (-8)/3 - 10/90*3. Let n be ((-5)/(-10))/(y/(-90)*-3). Determine g(n).
29
Let v = -113 - -123. Let q(z) = -z**3 - 6*z**2 + 8*z + 6 - 34*z + 13*z + v*z. Determine q(-5).
-4
Suppose -4*p = 2*t + 8, -2*p = 3*p + 15. Let j = 0 + t. Let d(y) = -38*y - 16. Let k(l) = 146*l + 61. Let q(w) = 23*d(w) + 6*k(w). Give q(j).
2
Let c(k) be the first derivative of -11*k**2/2 + 19*k + 494. Determine c(-3).
52
Let y(w) = -3*w**2 - 8*w - 4. Let j(k) = 10*k**2 + 24*k + 12. Let v(s) = -2*j(s) - 7*y(s). Let d be (-4 - ((-4 - -4) + (-2 - -1))) + -3. Give v(d).
-8
Let x(m) = m**3 - 5*m**2 - 5*m - 5. Let l = -176 - -180. Suppose -l*f = -7*f + 18. What is x(f)?
1
Let x = 8 - 11. Let u be 1/(70/21 - 3). Let l(r) = -3*r - 1 - 6*r**2 - 2*r**u - 8*r**2 + 3*r**2 + 6*r**2. Calculate l(x).
17
Let h(i) = 2*i - 11. Let z(s) = -2*s + 12. Let u(d) = 6*h(d) + 5*z(d). Let p be (3 - 8) + 22 + -25. Calculate u(p).
-22
Suppose 1499*j - 1493*j = 48. Let a(f) = -7*f**2 + 56*f - 6. Give a(j).
-6
Let j(m) = -m**3 + 3*m**2 - 8*m + 12. Let l(f) = -5*f + 152. Let k be l(31). Let c(r) = -r**3 + 2*r**2 - 6*r + 13. Let y(o) = k*j(o) + 4*c(o). Determine y(0).
16
Let w = 380 + -378. Let a(q) = 9*q - q**3 + q - 45 - q**2 + w*q**2 - 16*q + 5*q. What is a(0)?
-45
Let j(c) = -c**3 - 3*c**2 - c. Let g(n) = 1. Suppose 2*i - 4*l - 6 = -0, -2*l - 2 = -2*i. Let m(u) = i*j(u) - 3*g(u). What is m(-3)?
-6
Let q(d) = -d**3 - 4*d**2 - 3*d + 5. Let l(o) = -o**2 + 25*o + 56. Let a be l(27). Let x(z) = -2*z**3 + 4*z**2 - 4. Let m be x(a). Determine q(m).
17
Let c(h) = h**2 + 5*h - 8. Let f(j) = 2*j**2 + 58*j - 198. Let p be f(-32). What is c(p)?
-2
Let u be ((-1)/2)/(5/50). Let q be (4/2)/((-2)/u). Let y(g) be the first derivative of g**4/4 - 4*g**3/3 - 3*g**2/2 + g + 165. Calculate y(q).
11
Let g(t) = 29*t - 5. Suppose -k = -179*k + 178. What is g(k)?
24
Let a(v) be the first derivative of -v**3/3 - 4*v**2 - 5*v + 12. Let z(b) = 6*b + 1. Let p be z(1). Suppose 4*s - q = 5*s + p, 5*q + 15 = 0. Give a(s).
11
Let m = -46 + 48. Suppose 0 = 2*v + 28 + m. Let d(r) = -2*r - 31. Calculate d(v).
-1
Let m(n) = 2*n + 17. Let w(u) = u + 7. Let t(v) = -4*m(v) + 9*w(v). Suppose -2*s + 26 = 3*d, 5*s - 26 = 15*d - 16*d. What is t(d)?
1
Suppose 0 = -9*o - 36*o + 453 - 2163. Let d(g) = g**2 + 41*g + 106. What is d(o)?
-8
Let d(c) = c**2 - 20*c + 37. Suppose 6*k = 36*k - 100 + 40. What is d(k)?
1
Suppose 0 = -9*s - 517 - 608. Let n be 2/5 + (-75)/s + -4. Let c(t) = 3*t + 6. Calculate c(n).
-3
Suppose 2*v = 4*m + 5 + 89, 2*v - m - 85 = 0. Suppose v + 31 = 9*p. Suppose -p = y + y. Let x(w) = w**2 + w - 4. Determine x(y).
8
Let w(q) = -q**2 + 12*q + 48. Let l = -861 - -875. Calculate w(l).
20
Suppose 0 = 5*h + 3*w - 694, -3 - 1 = 2*w. Suppose -20*j = 8*j + h. Let q(m) = m + 7. Give q(j).
2
Let v = -125 - -126. Let d = 25 - 22. Let u(n) = -2*n - 3*n + n**2 - 3 + d + v. Give u(4).
-3
Let y(p) = p**2 - 3*p - 10. Let f be ((-100)/55)/(30/(-55)) - 6/(-9). What is y(f)?
-6
Let k be (1/1)/((-2)/4). Let c(u) = u**2 + u - 1. Suppose 402*s - 15 = 805*s - 388*s. Let t(j) = 11*j**2 - 3*j + 2. Let v(d) = k*c(d) + s*t(d). Calculate v(-1).
-14
Let j be 1/(((-3)/(-18))/(5/(-9 - 6))). Let h(g) = -3*g + 3. What is h(j)?
9
Let a(g) be the second derivative of g**5/20 + g**4/2 + g**3 - 7*g**2/2 - 750*g - 3. Let i(h) = 4*h**2 + 1. Let m be i(-1). Let o be (m/2)/(2/(-4)). Give a(o).
-12
Let n(t) = -10*t - 6. Let x(h) = 29*h + 17. Let u be 9/((-27)/34)*6. Let o = 51 + u. Let w(k) = o*n(k) - 6*x(k). Calculate w(1).
-4
Suppose 78347*i = 78418*i - 497. Let u(l) be the first derivative of -l**2 - 1. Give u(i).
-14
Let u = -569 + 563. Let j(x) = 3*x**3 + 16*x**2 - 10*x + 15. Let k be j(u). Let a(q) = -13*q - 1. Determine a(k).
-40
Suppose -u - 3*m = 3*u - 43, 2*u = -5*m + 39. Let p(t) = u*t - 6*t - 2*t - 3 - 1. Let z be ((-6)/(-10))/(4/20). Calculate p(z).
-7
Let b(n) = -15*n**2 + n. Suppose -2 = -5*v + 4*t - 6, -t + 1 = 5*v. Suppose v = 7*z - 1 + 8. Give b(z).
-16
Let h(s) = 2*s**3 - 2*s**2 + s - 1. Let g(f) = -8*f**3 + 14*f**2 + 9*f + 2. Let n(b) = -g(b) - 3*h(b). Calculate n(5).
-9
Let k(o) be the third derivative of 1/6*o**5 + 0*o + 0 - 4/3*o**3 - 1/3*o**4 - 82*o**2 - 1/120*o**6. Calculate k(9).
1
Let j(c) = c**2 - 5*c + 2. Let a = -914 - -894. Let n be (-242)/14 + 6/21. Let x = n - a. Calculate j(x).
-4
Suppose -4*s - p - 576 = 0, 0*p + 2*p = 2*s + 278. Let f = s + 148. Suppose f*h = -1 - 24. Let g(u) = u**2 + 5*u. Give g(h).
0
Suppose -11*f + 140 = -39*f. Let v(x) = -3*x**2 - 13*x - 26. Let o(j) = -2*j**2 - 9*j - 17. Let u(w) = -8*o(w) + 5*v(w). Give u(f).
-4
Let j(m) = -7*m**3 - m**2 + 2*m - 14. Let x(d) = -22*d**3 - 2*d**2 + 6*d - 47. Let r(t) = 19*j(t) - 6*x(t). What is r(-7)?
2
Suppose 19 - 57 = -19*z. Let f(j) = 3*j + 5*j - 4*j + 6*j**z - 4 - 3*j + j**3. Give f(-4).
24
Let q(t) = -t**3 - 5*t**2 - 6*t - 6. Let f(o) = -5*o**3 + 2*o**2 - 9*o + 7. Let h be (3/(-6))/((-10)/20). Let y be f(h). Calculate q(y).
24
Let p(y) = -6 + 29 + 15 + 13 - y - 15. What is p(21)?
15
Suppose -119*g = 97*g - 102 - 762. Let f(a) = 2*a**2 - 9*a + 7. Give f(g).
3
Suppose -20*l = -19*l - 1. Let y be (-2 + 13/5)/(l/(-5)). Let s(h) = h**2 + 7*h + 2. Give s(y).
-10
Let b be 18/((-7)/((-63)/(-6))). Let l = b - -25. Let i(v) = -3*v + 5. Let h(g) = -2*g + 3. Let k(n) = 5*h(n) - 3*i(n). Calculate k(l).
2
Let o(v) = -13*v + 2. Suppose -2*b + 216 = 6*b + 16*b. Calculate o(b).
-115
Let d(m) be the first derivative of -3*m**2 + m + 252. Let f = -29 + 31. Give d(f).
-11
Let v be (-10)/(-3) + (-7)/21. Let q(o) = -4*o**2 + 0*o + 3*o - 3 + o**v + 0*o**2. Suppose -c = 2*h + 94 - 102, 5*c = 3*h + 14. What is q(c)?
9
Let i(s) be the third derivative of -11*s**4/12 - 133*s**3/6 - 742*s**2. Determine i(-6).
-1
Let l(d) be the first derivative of d**6/120 - d**5/15 - d**4/8 + d**3/3 - 21*d**2/2 + 38. Let b(k) be the second derivative of l(k). Calculate b(4).
-10
Let b(k) = -21*k**2 + 10*k - 42. Let r(z) = -31*z**2 + 10*z - 40. Let y(o) = 3*b(o) - 2*r(o). Calculate y(6).
-22
Suppose 590 = -2*x + 700. Let h(d) = -x*d + 57*d + d**2 - 23 - 3*d**3 + d**3 + 22. What is h(2)?
-9
Let l(n) = 14*n**2 - 3*n**3 - 47*n**2 + 10*n**2 + 2*n - 7 + 21*n**2 + 0*n**3. Calculate l(0).
-7
Let u(m) be the first derivative of -27*m**2/2 - 244*m - 1823. What is u(-9)?
-1
Let r(w) = 19*w + 1. Let s(t) = -13*t - 1. Let g(v) = 2*r(v) + 3*s(v). Suppose 4*j - j + 21 = 0. Calculate g(j).
6
Let s(a) = -22*a - 7. Let d(c) = -29*c - 10. Let i(h) = 3*d(h) - 4*s(h). Calculate i(1).
-1
Let a be 3 - (0 - 3) - -835. Let t(x) = 1675*x**3 + x - a*x**3 - 848*x**3. Calculate t(-1).
13
Let b(g) = -g**2 + 5*g - 3. Suppose 0 = -8*w + 7 + 89. Let r(n) = n - 7. Let a be r(w). Suppose 8 + 12 = a*i. What is b(i)?
1
Let l be ((-10)/(-15))/(2/(-6)). Let y(s) = -s - 2. Suppose -3*r - 3 = -4*r, 12 = -c + 3*r. Let j(o) = -o - 3. Let x(t) = c*j(t) + 5*y(t). What is x(l)?
3
Suppose 4*m = -5*i + 47, -392*m - i + 1 = -394*m. Let v(c) = -c**3 + c**2 - 35*c + 117. Calculate v(m).
-6
Let m(o) = o**3 + 8*o**2 - 2*o - 1. Let v be ((-7248)/4077)/((-2)/(-9)). Give m(v).
15
Suppose 4*i = 4*l - 40, 0*i + 5*i + 43 = 4*l. Suppose -t + 5*d + 7 = 0, 5*d = -l*t + 5*t - 16. Let c(k) = -k**2 - 2*k + 7. Give c(t).
4
Let b be 36 + (-1 - 5 - 0 - -10). Let i be ((-8)/b)/(8/680). Let w(g) = -g - 15. What is w(i)?
2
Let j(k) = -6872 + 5*k - 3*k - 5*k + k**2 + 4*k + 6850. Let a be 0*(6/4)/3. Calculate j(a).
-22
Let z(a) = a**2 - a - 1. Let m(d) = -6*d**2 + 16*d - 6. Let g(x) = m(x) + 5*z(x). Let q(h) = -h + 17. Let f be q(-10). Suppose -80 = -f*c + 19*c. Give g(c).
-1
Let x(b) 